*u**3 - 6*u**2 - 18*u + 11. What is the tens digit of p(6)?
1
Let s(w) = -w**3 - 2*w**2 - w. Let c be 3/(6/32) + 2. Let d be 32/(-18) - 4/c. What is the units digit of s(d)?
2
What is the units digit of (-12)/(-66) - (-1743)/33?
3
Let y be 1/(-2) - 5/(-10). Let j be (1 - 2)*6 - y. What is the units digit of j/(-1) + (3 - 1)?
8
Let h(b) be the third derivative of -b**5/60 + b**4/3 + b**3/3 + b**2. What is the tens digit of h(6)?
1
Let l be (-2)/8 + 59/(-4). What is the tens digit of (5/l)/(2/(-66))?
1
Let z = 139 - -5. What is the hundreds digit of z?
1
What is the hundreds digit of (-8)/(-3)*-4*327/(-16)?
2
Let b(f) = -f**3 + 7*f**2 + 5*f - 2. Let q be b(7). Suppose 8*d = 11*d - q. What is the tens digit of d?
1
Suppose -3*h = -g - 0 + 31, h - 4*g + 25 = 0. What is the tens digit of 1 + 3/(-3)*h?
1
Suppose -2*l - 3*l = -185. Suppose 4*h - 39 = -5*g, 5*h + g - l = 17. What is the units digit of h?
1
Suppose i = -2*i - 33. Let h = 5 - i. What is the units digit of h?
6
Suppose 4 + 0 = h. Let s = -4 + h. What is the tens digit of s - (21*-1 - 1)?
2
Let w = 8 + -6. Suppose 3*z - 1 = w*k, -z + 4*k = z + 10. What is the units digit of z?
3
Suppose -4*a - 4*p = -2*a - 48, 0 = -2*a - 3*p + 46. What is the units digit of a?
0
Let s(u) = u + 11. Let p be s(-7). Suppose p = -2*l + 6. What is the units digit of l?
1
Let j(z) = -z**3 - 11*z**2 - 11*z + 3. Suppose c + c = -5*n, 5*n - 40 = 2*c. What is the units digit of j(c)?
3
Let d = 42 - 14. What is the units digit of d?
8
Let f = 2 + 2. Suppose -f*z = -3*z - 61. What is the tens digit of z?
6
Let c be 3/((-7)/((-56)/6)). Suppose 3*p + 3*w - 97 = -p, c*p = -5*w + 103. What is the units digit of p?
2
Let u(g) = -g**2 + 26*g - 38. What is the units digit of u(16)?
2
Let n(g) = -g**3 + 4*g**2 + 5*g. Let x be n(5). Suppose -6 = -a - x*a. What is the units digit of a?
6
Let d be 4/(-32)*2*-284. Let l = d - 37. What is the tens digit of l?
3
Let z(p) be the first derivative of -p**3/3 + 3*p**2 - 2*p + 2. Let o be z(6). What is the units digit of ((-2)/4)/(o/4)?
1
Suppose -f + 80 = 5*c, -85 = -4*c - 6*f + f. Let q = 28 + c. What is the units digit of q?
3
Let i(j) = j**2 - 5 + 5*j + 4*j**2 - 6*j**2. Let d be i(6). Let o = d + 16. What is the units digit of o?
5
Let r(c) = 13*c - 45. What is the units digit of r(5)?
0
Let w be 1 + -1 + 4*1. Suppose 2*i - 18 = -5*g, 0*g = 5*i + 4*g - 11. What is the units digit of 1*i*w*-3?
2
Let g(c) = 10*c**2 - 9*c - 4. What is the units digit of g(4)?
0
Let s(g) = -5*g**2 - 5*g - 3. Let w(k) = 9*k**2 + 9*k + 5. Let z(a) = 7*s(a) + 4*w(a). What is the units digit of z(-3)?
5
Suppose 4*z - 8*z = -16. Suppose 55 + 1 = z*r. What is the tens digit of r?
1
What is the units digit of (0 - (-9)/6)*(2 + 66)?
2
Let h(k) = -2*k**2 - 4*k - 3. Let j(t) = t**2 + 2*t + 1. Suppose 4 = -5*c + 29. Let a(s) = c*j(s) + 2*h(s). What is the units digit of a(-3)?
2
Let g(y) = y**2 - 3*y - 6. Let r be g(5). Let n(x) = 2*x**2 - 2*x + 4. What is the tens digit of n(r)?
2
Let n(u) = u**3 - 6*u**2 + 3*u - 8. Let q(t) = -t**3 + 2*t**2 - 3. Let v be q(3). Let p = 18 + v. What is the units digit of n(p)?
0
Let s = 5 + -1. Suppose s*t = -0*t + 40. What is the tens digit of t?
1
Suppose 16 = 4*l, l - 3*l + 28 = 5*o. Suppose 6 = -3*c + o*c. What is the units digit of (-2)/((c/(-1))/3)?
1
Suppose 0*l + 150 = 5*l. Suppose -j + l = 2*j. What is the units digit of j?
0
Let g(x) = 2*x**2 - 2. Let f be g(-5). Suppose -4*j + 2*d = -6, -5*j - 6*d = -2*d - 27. Suppose -j*p + f = -6. What is the tens digit of p?
1
Suppose -42*h = -38*h - 540. What is the units digit of h?
5
Let x = 41 - 6. What is the tens digit of x?
3
Let c(k) = 2*k**2 - 17*k - 7. What is the tens digit of c(-5)?
2
Suppose 0*p - 3*p = -12. Let o(y) = 0 - y - 4*y**2 + p*y**2 - 1 - 8*y**3. What is the units digit of o(-1)?
8
Let n(f) be the first derivative of -1/2*f**2 - 1 - 1/3*f**3 + 17*f. What is the tens digit of n(0)?
1
Suppose 3*m = r + 2, 3*r = -2*r + 5*m - 40. Let u = 3 - r. What is the units digit of u?
4
Let d(u) = 0 + 1 - 4*u - u**2 + 2. Let s be d(-4). Suppose 2*f - 3 = q - 26, 41 = 2*q - s*f. What is the tens digit of q?
1
Let b be -1 + -2 + 5 + -3. Let i = b - -5. Suppose 8*o - i*o = 8. What is the units digit of o?
2
What is the units digit of 14/49 - 472/(-14)?
4
What is the tens digit of (1256/12)/(2 + (-12)/9)?
5
Suppose -t + 17 + 7 = 4*z, -3*t = 2*z - 72. What is the tens digit of t?
2
Let h(k) = k**2 - 6. What is the units digit of h(6)?
0
Suppose 5*y - 5*r - 290 = 0, -y - r + 252 = 3*y. Let a(d) = -22*d - 3. Let l be a(-2). Let n = y - l. What is the units digit of n?
1
Suppose 3*s - 84 = s. What is the tens digit of s?
4
Suppose 0 = -c + 2*c - 44. Let y = -13 + c. What is the tens digit of y?
3
Let o(c) = 48*c**2. Suppose -2*t + 5 = 3*t. Let f be o(t). Suppose 2*n = -n + f. What is the tens digit of n?
1
Let v be 4/(-8)*-2*3. Suppose 8*j - v*j - 2*h = 60, 4*h = -5*j + 30. What is the tens digit of j?
1
Suppose -j + 22 = j. Suppose 0 = -3*v + 13 + j. What is the units digit of v?
8
Let g = 158 + -61. Suppose -19 = -3*w - g. Let s = -18 - w. What is the units digit of s?
8
Suppose 4 = -2*c, 2*q - 5 + 1 = -3*c. Suppose -3*v + 3*l - 16 = -4*v, -54 = -2*v + q*l. What is the units digit of v?
2
Let a(b) = -b + 13. Let t be a(0). What is the tens digit of t + 4 + 3/(-1)?
1
Suppose 5*n - 210 = 250. What is the units digit of n?
2
Suppose 3*s + 688 + 374 = 0. What is the units digit of (4/6)/((-4)/s)?
9
Let d = -2 - -69. What is the units digit of d?
7
Suppose -123 = -4*y + 61. What is the tens digit of y?
4
Let t be 12/9 + (-8)/(-12). Suppose -22 = -t*q + 2. What is the units digit of q?
2
Let g(h) = h - 7. Let d be g(9). What is the tens digit of ((-2)/6)/(d/(-84))?
1
Let b(n) = -2*n + 4. Let f be b(2). Suppose 4*w + 3*v - 44 = 0, -3*w + f*w = v - 28. What is the units digit of w?
8
Suppose -4 = -4*w + 4. Let z(o) = 2*o**3 + o**2 + o - 1. Let v be z(1). Suppose -3*p + w*i = -23, 0*p + 25 = v*p - i. What is the units digit of p?
9
Let a(l) = -5*l**2 - 8*l + 8. Let m(b) = -b**2 - 1. Let p(t) = -a(t) + 6*m(t). Let f be p(10). What is the units digit of 1/2 - f/4?
9
Let r(o) = o**2 + 6*o - 1. Let x be r(-6). Let n be (1 - 5/x) + -3. Suppose -4*y = -27 + n. What is the units digit of y?
6
Suppose 0*w = 3*w + 30. Let u be (-26)/w + (-2)/(-5). Suppose 0 = 2*f - u*p - 2, 0 = 6*f - f - p - 5. What is the units digit of f?
1
Suppose 2*s + 10 = 0, -n = 5*s - 2*s + 9. Suppose 2*l - 4*l = 5*c, -3*c - n = 0. Suppose f - 28 = -4*k, 10*f + 4*k - 108 = l*f. What is the units digit of f?
0
Suppose -2*y = 4*j - 50, -2*j + 4*j = 2*y - 26. Let r = y + -9. What is the units digit of r?
8
Suppose -5*r - 16 = -o + 35, -o + 48 = -2*r. What is the tens digit of o?
4
Let j(g) be the first derivative of 3 - 1/3*g**3 + g - 3*g**2. What is the units digit of j(-5)?
6
What is the units digit of 505/45 + (-4)/18?
1
Suppose 0 = 3*y - 5*y. Suppose y = -0*h + 2*h - 68. What is the tens digit of h?
3
Suppose -6 = -5*p + 4. Suppose -27 = -3*v + p*v + 3*a, -2*a = v - 12. Let l = -13 + v. What is the units digit of l?
5
Let u be 2*(10/(-1) + 0). What is the units digit of (-30)/u*(-44)/(-6)?
1
What is the units digit of 45 + 1/(-2)*-2?
6
Let d be (-2 - 24/(-5))*5. Suppose 3*v = -2*o - 15, v + 0 + 18 = -5*o. Let z = v + d. What is the units digit of z?
1
Let p(d) = -d**2 - 9*d. Let t be p(-4). Suppose 4*b = -t, 6*b = a + b - 28. What is the units digit of a?
3
Suppose 0 = -4*a - 12 - 20. What is the units digit of (-12)/a - 2/4?
1
Let w(s) = -2*s + 8. Let b be w(6). Let m(y) be the second derivative of -y**3/6 - 6*y. What is the units digit of m(b)?
4
Let b be (2/(-4)*0)/(-1). Suppose 3*z + 4*v = -5, -z - 2*z + 5 = 2*v. Let x = b + z. What is the units digit of x?
5
Let h(x) = 6*x. Let n be h(1). Suppose -2*i + n*a - a = -21, 4*i = a + 15. What is the units digit of i?
3
Suppose 25 = 4*f + 5. Let b = f + -11. Let o(d) = -d**2 - 6*d + 1. What is the units digit of o(b)?
1
Let z(s) = s**2 + 7*s. Let b be z(-11). Let v = -2 + b. What is the units digit of v?
2
Suppose 5*h + 2*o = 51 + 35, -h - 3*o = -25. What is the tens digit of h?
1
Let z(u) = -16*u - 3. What is the units digit of z(-3)?
5
Let u(q) be the third derivative of -q**6/360 + q**5/40 + q**3/3 - 2*q**2. Let a(i) 